{"version":"1.0","provider_name":"Ringier","provider_url":"https:\/\/www.ringier.com\/fr\/","author_name":"Ringier Corporate Communications","author_url":"https:\/\/www.ringier.com\/fr\/author\/corporatecommunications\/","title":"C\u2019est reparti pour les Blick Winter Awards","type":"rich","width":600,"height":338,"html":"<blockquote class=\"wp-embedded-content\" data-secret=\"9PQ2lDo0Nx\"><a href=\"https:\/\/www.ringier.com\/fr\/cest-reparti-pour-les-blick-winter-awards\/\">C\u2019est reparti pour les Blick Winter Awards<\/a><\/blockquote><iframe sandbox=\"allow-scripts\" security=\"restricted\" src=\"https:\/\/www.ringier.com\/fr\/cest-reparti-pour-les-blick-winter-awards\/embed\/#?secret=9PQ2lDo0Nx\" width=\"600\" height=\"338\" title=\"\u00ab\u00a0C\u2019est reparti pour les Blick Winter Awards\u00a0\u00bb &#8212; Ringier\" data-secret=\"9PQ2lDo0Nx\" frameborder=\"0\" marginwidth=\"0\" marginheight=\"0\" scrolling=\"no\" class=\"wp-embedded-content\"><\/iframe><script type=\"text\/javascript\">\n\/* <![CDATA[ *\/\n\/*! This file is auto-generated *\/\n!function(d,l){\"use strict\";l.querySelector&&d.addEventListener&&\"undefined\"!=typeof URL&&(d.wp=d.wp||{},d.wp.receiveEmbedMessage||(d.wp.receiveEmbedMessage=function(e){var t=e.data;if((t||t.secret||t.message||t.value)&&!\/[^a-zA-Z0-9]\/.test(t.secret)){for(var s,r,n,a=l.querySelectorAll('iframe[data-secret=\"'+t.secret+'\"]'),o=l.querySelectorAll('blockquote[data-secret=\"'+t.secret+'\"]'),c=new RegExp(\"^https?:$\",\"i\"),i=0;i<o.length;i++)o[i].style.display=\"none\";for(i=0;i<a.length;i++)s=a[i],e.source===s.contentWindow&&(s.removeAttribute(\"style\"),\"height\"===t.message?(1e3<(r=parseInt(t.value,10))?r=1e3:~~r<200&&(r=200),s.height=r):\"link\"===t.message&&(r=new URL(s.getAttribute(\"src\")),n=new URL(t.value),c.test(n.protocol))&&n.host===r.host&&l.activeElement===s&&(d.top.location.href=t.value))}},d.addEventListener(\"message\",d.wp.receiveEmbedMessage,!1),l.addEventListener(\"DOMContentLoaded\",function(){for(var e,t,s=l.querySelectorAll(\"iframe.wp-embedded-content\"),r=0;r<s.length;r++)(t=(e=s[r]).getAttribute(\"data-secret\"))||(t=Math.random().toString(36).substring(2,12),e.src+=\"#?secret=\"+t,e.setAttribute(\"data-secret\",t)),e.contentWindow.postMessage({message:\"ready\",secret:t},\"*\")},!1)))}(window,document);\n\/\/# sourceURL=https:\/\/www.ringier.com\/wp-includes\/js\/wp-embed.min.js\n\/* ]]> *\/\n<\/script>\n","thumbnail_url":"https:\/\/www.ringier.com\/wp-content\/uploads\/2024\/12\/Blick-Winter-Awards_MM.jpg","thumbnail_width":1200,"thumbnail_height":675,"description":"L\u2019hiver s\u2019annonce bien! Pour la quatri\u00e8me fois d\u00e9j\u00e0, Blick cherche les meilleures stations et destinations hivernales de Suisse. En tout, 67 destinations participent aux Blick Winter Awards et tentent de monter sur la premi\u00e8re place du podium dans quatre cat\u00e9gories."}

L’hiver s’annonce bien! Pour la quatrième fois déjà, Blick cherche les meilleures stations et destinations hivernales de Suisse. En tout, 67 destinations participent aux Blick Winter Awards et tentent de monter sur la première place du podium dans quatre catégories.
