{"version":"1.0","provider_name":"Ringier","provider_url":"https:\/\/www.ringier.com\/fr\/","author_name":"Ringier Corporate Communications","author_url":"https:\/\/www.ringier.com\/fr\/author\/corporatecommunications\/","title":"Alexander Theobald prend la t\u00eate du groupe Blick","type":"rich","width":600,"height":338,"html":"<blockquote class=\"wp-embedded-content\" data-secret=\"C2FmNACdnO\"><a href=\"https:\/\/www.ringier.com\/fr\/alexander-theobald-prend-la-tete-du-groupe-blick\/\">Alexander Theobald prend la t\u00eate du groupe Blick<\/a><\/blockquote><iframe sandbox=\"allow-scripts\" security=\"restricted\" src=\"https:\/\/www.ringier.com\/fr\/alexander-theobald-prend-la-tete-du-groupe-blick\/embed\/#?secret=C2FmNACdnO\" width=\"600\" height=\"338\" title=\"\u00ab\u00a0Alexander Theobald prend la t\u00eate du groupe Blick\u00a0\u00bb &#8212; Ringier\" data-secret=\"C2FmNACdnO\" frameborder=\"0\" marginwidth=\"0\" marginheight=\"0\" scrolling=\"no\" class=\"wp-embedded-content\"><\/iframe><script type=\"text\/javascript\">\n\/* <![CDATA[ *\/\n\/*! This file is auto-generated *\/\n!function(d,l){\"use strict\";l.querySelector&&d.addEventListener&&\"undefined\"!=typeof URL&&(d.wp=d.wp||{},d.wp.receiveEmbedMessage||(d.wp.receiveEmbedMessage=function(e){var t=e.data;if((t||t.secret||t.message||t.value)&&!\/[^a-zA-Z0-9]\/.test(t.secret)){for(var s,r,n,a=l.querySelectorAll('iframe[data-secret=\"'+t.secret+'\"]'),o=l.querySelectorAll('blockquote[data-secret=\"'+t.secret+'\"]'),c=new RegExp(\"^https?:$\",\"i\"),i=0;i<o.length;i++)o[i].style.display=\"none\";for(i=0;i<a.length;i++)s=a[i],e.source===s.contentWindow&&(s.removeAttribute(\"style\"),\"height\"===t.message?(1e3<(r=parseInt(t.value,10))?r=1e3:~~r<200&&(r=200),s.height=r):\"link\"===t.message&&(r=new URL(s.getAttribute(\"src\")),n=new URL(t.value),c.test(n.protocol))&&n.host===r.host&&l.activeElement===s&&(d.top.location.href=t.value))}},d.addEventListener(\"message\",d.wp.receiveEmbedMessage,!1),l.addEventListener(\"DOMContentLoaded\",function(){for(var e,t,s=l.querySelectorAll(\"iframe.wp-embedded-content\"),r=0;r<s.length;r++)(t=(e=s[r]).getAttribute(\"data-secret\"))||(t=Math.random().toString(36).substring(2,12),e.src+=\"#?secret=\"+t,e.setAttribute(\"data-secret\",t)),e.contentWindow.postMessage({message:\"ready\",secret:t},\"*\")},!1)))}(window,document);\n\/\/# sourceURL=https:\/\/www.ringier.com\/wp-includes\/js\/wp-embed.min.js\n\/* ]]> *\/\n<\/script>\n","thumbnail_url":"https:\/\/www.ringier.com\/wp-content\/uploads\/2021\/09\/alexander_theobald_1.jpg","thumbnail_width":600,"thumbnail_height":400,"description":"Apr\u00e8s le d\u00e9part annonc\u00e9 de Wolfgang B\u00fcchner, Alexander Theobald, Chief Operating Officer de Ringier Suisse, reprend d\u00e8s \u00e0 pr\u00e9sent la direction op\u00e9rationnelle par int\u00e9rim du groupe Blick. Au 1er septembre, la structure de management du groupe sera en outre r\u00e9organis\u00e9e."}

Alexander Theobald prend la tête du groupe Blick

<blockquote class="wp-embedded-content" data-secret="C2FmNACdnO"><a href="https://www.ringier.com/fr/alexander-theobald-prend-la-tete-du-groupe-blick/">Alexander Theobald prend la tête du groupe Blick</a></blockquote><iframe sandbox="allow-scripts" security="restricted" src="https://www.ringier.com/fr/alexander-theobald-prend-la-tete-du-groupe-blick/embed/#?secret=C2FmNACdnO" width="600" height="338" title="« Alexander Theobald prend la tête du groupe Blick » &#8212; Ringier" data-secret="C2FmNACdnO" frameborder="0" marginwidth="0" marginheight="0" scrolling="no" class="wp-embedded-content"></iframe><script type="text/javascript">
/* <![CDATA[ */
/*! This file is auto-generated */
!function(d,l){"use strict";l.querySelector&&d.addEventListener&&"undefined"!=typeof URL&&(d.wp=d.wp||{},d.wp.receiveEmbedMessage||(d.wp.receiveEmbedMessage=function(e){var t=e.data;if((t||t.secret||t.message||t.value)&&!/[^a-zA-Z0-9]/.test(t.secret)){for(var s,r,n,a=l.querySelectorAll('iframe[data-secret="'+t.secret+'"]'),o=l.querySelectorAll('blockquote[data-secret="'+t.secret+'"]'),c=new RegExp("^https?:$","i"),i=0;i<o.length;i++)o[i].style.display="none";for(i=0;i<a.length;i++)s=a[i],e.source===s.contentWindow&&(s.removeAttribute("style"),"height"===t.message?(1e3<(r=parseInt(t.value,10))?r=1e3:~~r<200&&(r=200),s.height=r):"link"===t.message&&(r=new URL(s.getAttribute("src")),n=new URL(t.value),c.test(n.protocol))&&n.host===r.host&&l.activeElement===s&&(d.top.location.href=t.value))}},d.addEventListener("message",d.wp.receiveEmbedMessage,!1),l.addEventListener("DOMContentLoaded",function(){for(var e,t,s=l.querySelectorAll("iframe.wp-embedded-content"),r=0;r<s.length;r++)(t=(e=s[r]).getAttribute("data-secret"))||(t=Math.random().toString(36).substring(2,12),e.src+="#?secret="+t,e.setAttribute("data-secret",t)),e.contentWindow.postMessage({message:"ready",secret:t},"*")},!1)))}(window,document);
//# sourceURL=https://www.ringier.com/wp-includes/js/wp-embed.min.js
/* ]]> */
</script>

Après le départ annoncé de Wolfgang Büchner, Alexander Theobald, Chief Operating Officer de Ringier Suisse, reprend dès à présent la direction opérationnelle par intérim du groupe Blick. Au 1er septembre, la structure de management du groupe sera en outre réorganisée.
