{"version":"1.0","provider_name":"Ringier","provider_url":"https:\/\/www.ringier.com\/de\/","author_name":"Ringier Corporate Communications","author_url":"https:\/\/www.ringier.com\/de\/author\/corporatecommunications\/","title":"Welches Auto wird \u00abSchweizer Auto des Jahres 2019\u00bb?","type":"rich","width":600,"height":338,"html":"<blockquote class=\"wp-embedded-content\" data-secret=\"EwkB5NxmnH\"><a href=\"https:\/\/www.ringier.com\/de\/welches-auto-wird-schweizer-auto-des-jahres-2019\/\">Welches Auto wird \u00abSchweizer Auto des Jahres 2019\u00bb?<\/a><\/blockquote><iframe sandbox=\"allow-scripts\" security=\"restricted\" src=\"https:\/\/www.ringier.com\/de\/welches-auto-wird-schweizer-auto-des-jahres-2019\/embed\/#?secret=EwkB5NxmnH\" width=\"600\" height=\"338\" title=\"&#8222;Welches Auto wird \u00abSchweizer Auto des Jahres 2019\u00bb?&#8220; &#8212; Ringier\" data-secret=\"EwkB5NxmnH\" frameborder=\"0\" marginwidth=\"0\" marginheight=\"0\" scrolling=\"no\" class=\"wp-embedded-content\"><\/iframe><script type=\"text\/javascript\">\n\/* <![CDATA[ *\/\n\/*! This file is auto-generated *\/\n!function(d,l){\"use strict\";l.querySelector&&d.addEventListener&&\"undefined\"!=typeof URL&&(d.wp=d.wp||{},d.wp.receiveEmbedMessage||(d.wp.receiveEmbedMessage=function(e){var t=e.data;if((t||t.secret||t.message||t.value)&&!\/[^a-zA-Z0-9]\/.test(t.secret)){for(var s,r,n,a=l.querySelectorAll('iframe[data-secret=\"'+t.secret+'\"]'),o=l.querySelectorAll('blockquote[data-secret=\"'+t.secret+'\"]'),c=new RegExp(\"^https?:$\",\"i\"),i=0;i<o.length;i++)o[i].style.display=\"none\";for(i=0;i<a.length;i++)s=a[i],e.source===s.contentWindow&&(s.removeAttribute(\"style\"),\"height\"===t.message?(1e3<(r=parseInt(t.value,10))?r=1e3:~~r<200&&(r=200),s.height=r):\"link\"===t.message&&(r=new URL(s.getAttribute(\"src\")),n=new URL(t.value),c.test(n.protocol))&&n.host===r.host&&l.activeElement===s&&(d.top.location.href=t.value))}},d.addEventListener(\"message\",d.wp.receiveEmbedMessage,!1),l.addEventListener(\"DOMContentLoaded\",function(){for(var e,t,s=l.querySelectorAll(\"iframe.wp-embedded-content\"),r=0;r<s.length;r++)(t=(e=s[r]).getAttribute(\"data-secret\"))||(t=Math.random().toString(36).substring(2,12),e.src+=\"#?secret=\"+t,e.setAttribute(\"data-secret\",t)),e.contentWindow.postMessage({message:\"ready\",secret:t},\"*\")},!1)))}(window,document);\n\/\/# sourceURL=https:\/\/www.ringier.com\/wp-includes\/js\/wp-embed.min.js\n\/* ]]> *\/\n<\/script>\n","thumbnail_url":"https:\/\/www.ringier.com\/wp-content\/uploads\/2024\/01\/SI_AUTO_Cover_AutoDesJahres_Visual_700x400.jpg","thumbnail_width":700,"thumbnail_height":355,"description":"Bereits zum achten Mal organisiert die Schweizer Illustrierte zusammen mit den Partnern AutoScout24, Blick und SonntagsBlick, L\u2019illustr\u00e9 und il caff\u00e8 die gr\u00f6sste sprach\u00fcbergreifende und schweizweite Publikumswahl. 39 Autos treten an zum Wettbewerb. Drei Fachjurys k\u00fcren das \u00abSchweizer Auto des Jahres\u00bb, das \u00abstylischste Auto der Schweiz\u00bb und das \u00abgr\u00fcnste Auto der Schweiz\u00bb. Bis zum 18. November 2018 kann zudem in einem \u00f6ffentlichen Voting abgestimmt werden, welches das \u00abLieblingsauto der Schweizer\u00bb wird."}

Bereits zum achten Mal organisiert die Schweizer Illustrierte zusammen mit den Partnern AutoScout24, Blick und SonntagsBlick, L’illustré und il caffè die grösste sprachübergreifende und schweizweite Publikumswahl. 39 Autos treten an zum Wettbewerb. Drei Fachjurys küren das «Schweizer Auto des Jahres», das «stylischste Auto der Schweiz» und das «grünste Auto der Schweiz». Bis zum 18. November 2018 kann zudem in einem öffentlichen Voting abgestimmt werden, welches das «Lieblingsauto der Schweizer» wird.
