{"version":"1.0","provider_name":"Ringier","provider_url":"https:\/\/www.ringier.com\/de\/","author_name":"Ringier Corporate Communications","author_url":"https:\/\/www.ringier.com\/de\/author\/corporatecommunications\/","title":"Webvideopreis Schweiz: Nominierungsphase gestartet","type":"rich","width":600,"height":338,"html":"<blockquote class=\"wp-embedded-content\" data-secret=\"oZyHpbeTUn\"><a href=\"https:\/\/www.ringier.com\/de\/webvideopreis-schweiz-nominierungsphase-gestartet\/\">Webvideopreis Schweiz: Nominierungsphase gestartet<\/a><\/blockquote><iframe sandbox=\"allow-scripts\" security=\"restricted\" src=\"https:\/\/www.ringier.com\/de\/webvideopreis-schweiz-nominierungsphase-gestartet\/embed\/#?secret=oZyHpbeTUn\" width=\"600\" height=\"338\" title=\"&#8222;Webvideopreis Schweiz: Nominierungsphase gestartet&#8220; &#8212; Ringier\" data-secret=\"oZyHpbeTUn\" frameborder=\"0\" marginwidth=\"0\" marginheight=\"0\" scrolling=\"no\" class=\"wp-embedded-content\"><\/iframe><script type=\"text\/javascript\">\n\/* <![CDATA[ *\/\n\/*! This file is auto-generated *\/\n!function(d,l){\"use strict\";l.querySelector&&d.addEventListener&&\"undefined\"!=typeof URL&&(d.wp=d.wp||{},d.wp.receiveEmbedMessage||(d.wp.receiveEmbedMessage=function(e){var t=e.data;if((t||t.secret||t.message||t.value)&&!\/[^a-zA-Z0-9]\/.test(t.secret)){for(var s,r,n,a=l.querySelectorAll('iframe[data-secret=\"'+t.secret+'\"]'),o=l.querySelectorAll('blockquote[data-secret=\"'+t.secret+'\"]'),c=new RegExp(\"^https?:$\",\"i\"),i=0;i<o.length;i++)o[i].style.display=\"none\";for(i=0;i<a.length;i++)s=a[i],e.source===s.contentWindow&&(s.removeAttribute(\"style\"),\"height\"===t.message?(1e3<(r=parseInt(t.value,10))?r=1e3:~~r<200&&(r=200),s.height=r):\"link\"===t.message&&(r=new URL(s.getAttribute(\"src\")),n=new URL(t.value),c.test(n.protocol))&&n.host===r.host&&l.activeElement===s&&(d.top.location.href=t.value))}},d.addEventListener(\"message\",d.wp.receiveEmbedMessage,!1),l.addEventListener(\"DOMContentLoaded\",function(){for(var e,t,s=l.querySelectorAll(\"iframe.wp-embedded-content\"),r=0;r<s.length;r++)(t=(e=s[r]).getAttribute(\"data-secret\"))||(t=Math.random().toString(36).substring(2,12),e.src+=\"#?secret=\"+t,e.setAttribute(\"data-secret\",t)),e.contentWindow.postMessage({message:\"ready\",secret:t},\"*\")},!1)))}(window,document);\n\/\/# sourceURL=https:\/\/www.ringier.com\/wp-includes\/js\/wp-embed.min.js\n\/* ]]> *\/\n<\/script>\n","thumbnail_url":"https:\/\/www.ringier.com\/wp-content\/uploads\/2021\/09\/wvp_gold_schweiz_72dpi_rgb.png","thumbnail_width":370,"thumbnail_height":134,"description":"Bis zum 30. September k\u00f6nnen sich Videomacher erstmals f\u00fcr den Webvideopreis Schweiz anmelden. Auch User k\u00f6nnen ihre Lieblingsvideos aus dem Web einreichen und so ihre Favoriten unterst\u00fctzen. In acht Kategorien w\u00e4hlen Fans und eine Schweizer Fachjury die Sieger, welche an der grossen Verleihungsparty am 10. Dezember 2016 ausgezeichnet werden. Moderiert wird der erste Webvideopreis Schweiz von den beiden Radio SRF 3-Moderatoren Rosanna Gr\u00fcter und Stefan B\u00fcsser."}

Bis zum 30. September können sich Videomacher erstmals für den Webvideopreis Schweiz anmelden. Auch User können ihre Lieblingsvideos aus dem Web einreichen und so ihre Favoriten unterstützen. In acht Kategorien wählen Fans und eine Schweizer Fachjury die Sieger, welche an der grossen Verleihungsparty am 10. Dezember 2016 ausgezeichnet werden. Moderiert wird der erste Webvideopreis Schweiz von den beiden Radio SRF 3-Moderatoren Rosanna Grüter und Stefan Büsser.
